*x - 46581. Give y(-29).
341
Let u(k) = 1152*k**2 - 117*k - 1. What is u(1)?
1034
Let z(s) = -44328*s - 45746496. Calculate z(-1032).
0
Let n(l) = -170*l**2 - 2686*l + 13. Give n(-16).
-531
Let t(w) = -6*w**2 - 9477*w - 40. Calculate t(0).
-40
Let f(y) = -3*y**2 + 261*y - 895. Calculate f(4).
101
Let y(w) = 4*w**2 + 5*w - 2374. Determine y(42).
4892
Let n(s) = -81*s + 12977. Determine n(161).
-64
Let r(k) = 37085*k + 1038373. Calculate r(-28).
-7
Let u(g) = 1864*g + 49090. Give u(-28).
-3102
Let c(b) = -5*b**3 + 47*b**2 + 1220*b - 11905. What is c(10)?
-5
Let s(p) = -p**2 - 23*p + 256295. Determine s(-518).
-115
Let z(n) = -300*n + 1137. What is z(3)?
237
Let r(k) = 21*k**2 + 8368*k + 8368. Give r(-1).
21
Let f(r) = 183*r**2 - 1270*r - 21866. Give f(-8).
6
Let v(i) = 5*i**2 - 168*i + 1206. Give v(6).
378
Let c(b) = 864457*b + 864462. Determine c(-1).
5
Let p(f) = 93*f + 12367. Give p(-136).
-281
Let h(a) = 171966*a - 343950. What is h(2)?
-18
Let j(y) = -7*y**3 - 2689*y**2 - 384*y - 128. What is j(-384)?
-128
Let j(w) = 16346*w - 751913. What is j(46)?
3
Let h(o) = -o**2 - 704*o + 13759. Calculate h(19).
22
Let l(o) = 1487*o + 3042. Determine l(-2).
68
Let g(j) = j**2 + 304*j + 14042. Calculate g(-247).
-37
Let f(n) = -n**3 + 15*n**2 + 25624*n - 560339. Calculate f(22).
1
Let i(f) = 4*f**2 + 197*f - 3751. Determine i(15).
104
Let h(f) = -12*f**3 + 554*f**2 - 87*f - 300. Determine h(46).
-70
Let u(d) = 27693*d - 83002. Determine u(3).
77
Let u(w) = -303*w + 202. Give u(0).
202
Let s(y) = y**3 + 63*y**2 + 423*y - 1061. Give s(-10).
9
Let n(k) = -5*k**2 + 1120*k + 10074. Determine n(233).
-411
Let o(q) = -719*q + 14735. What is o(21)?
-364
Let i(g) = 2*g**3 + 142*g**2 - 425*g - 155. Give i(-74).
-1561
Let i(w) = 2*w**2 - 9251*w - 251237. Calculate i(-27).
-2
Let m(h) = h**3 - 2017*h**2 + 477*h + 3102624. Give m(2016).
0
Let i(t) = -63*t**2 + 650*t + 476. Calculate i(11).
3
Let g(x) = 70184*x - 1333402. What is g(19)?
94
Let g(t) = -21*t - 1612. Give g(-103).
551
Let z(r) = 11*r**3 + 1978*r**2 - 367*r - 1329. Calculate z(-180).
-69
Let p(b) = -449*b**3 + 649700*b**2 + 4343*b - 2887. Determine p(1447).
7
Let i(f) = 6*f**2 + 1486*f + 36880. Determine i(-28).
-24
Let m(v) = -3*v**3 - 21*v**2 + 30*v - 21. Determine m(7).
-1869
Let d(p) = p**2 - 226*p - 8332. Calculate d(-33).
215
Let a(j) = 25274*j - 909844. Calculate a(36).
20
Let r(n) = -2434*n + 245830. What is r(101)?
-4
Let m(o) = o**3 + 7*o**2 + 16*o - 8. Calculate m(-13).
-1230
Let u(i) = i**3 - 7*i**2 - 16494*i + 160. What is u(-125)?
-590
Let c(j) = 14915*j + 22. Determine c(0).
22
Let h(r) = r**3 + 209*r**2 + 1794*r - 1089. Calculate h(-200).
111
Let p(i) = i**3 - 317*i**2 - 5939*i - 30475. What is p(335)?
10
Let l(z) = 22*z**3 + 331*z**2 + 25*z + 154. Determine l(-15).
4
Let n(r) = -3*r**2 + 230*r - 2983. Give n(60).
17
Let v(m) = -18*m**2 + 1070*m + 16966. Calculate v(-13).
14
Let y(a) = a**3 - 165*a**2 + 540*a - 61579. What is y(164)?
85
Let u(a) = -243*a + 1013. Give u(9).
-1174
Let y(j) = 4353*j + 63435. Calculate y(-14).
2493
Let z(b) = 4*b**3 - 510*b**2 + 153*b + 12872. Give z(127).
45
Let d(h) = h**3 + 97*h**2 - 402*h - 47808. Determine d(-96).
0
Let t(b) = -88933*b + 1956447. What is t(22)?
-79
Let z(o) = 4793*o - 9499. Determine z(2).
87
Let g(r) = -329159*r + 658048. Give g(2).
-270
Let y(k) = -38*k**3 + 9*k**2 - 49*k + 96. Calculate y(4).
-2388
Let d(z) = -25*z**2 - 2470*z + 9873. What is d(4)?
-407
Let z(h) = h**2 - 1418*h - 8567. Calculate z(-6).
-23
Let a(y) = -2*y**3 - 24*y**2 + 1831*y + 23417. Calculate a(-13).
-48
Let g(r) = 344585*r - 7925481. Calculate g(23).
-26
Let x(l) = -l**2 + 8864*l + 150961. What is x(-17)?
-16
Let o(j) = -466*j + 21426. What is o(48)?
-942
Let a(n) = n**3 - 24*n**2 - 308*n + 7363. Give a(25).
288
Let h(b) = b**3 + 33*b**2 + 111*b + 390. Determine h(-26).
2236
Let y(o) = -4*o**2 + 17*o + 283. Give y(-7).
-32
Let d(g) = -142*g - 41389. Determine d(-293).
217
Let d(g) = 223*g**2 + 95*g - 169. Calculate d(2).
913
Let w(z) = -z**3 + 2*z**2 + 1373*z - 11900. Calculate w(9).
-110
Let s(z) = -211826*z - 423660. Calculate s(-2).
-8
Let a(p) = -9*p**2 + 115*p - 101. Calculate a(11).
75
Let p(j) = -j**2 - 186*j - 4160. What is p(-165)?
-695
Let a(i) = -300*i. Give a(3).
-900
Let f(x) = -x**2 - 4562*x - 54604. Determine f(-12).
-4
Let n(a) = a**2 + 794*a + 99537. What is n(-156)?
9
Let x(r) = 822325*r - 822324. What is x(1)?
1
Let z(i) = -10*i**3 + 177*i**2 - 27*i + 141. What is z(18)?
-1317
Let y(z) = -z**3 + 25*z**2 + 458*z - 11495. Give y(25).
-45
Let g(l) = -1455*l + 368097. Calculate g(253).
-18
Let g(y) = -382*y + 10143. Give g(27).
-171
Let a(c) = 1781405*c - 8907019. Determine a(5).
6
Let p(a) = a**3 - 77*a**2 - 1370*a - 916. Give p(92).
4
Let f(b) = -8*b**3 + 508*b**2 - 229*b - 174. Calculate f(63).
1275
Let j(v) = -v**2 + 171*v + 5228. Determine j(197).
106
Let i(j) = -j**2 - 324*j - 15622. What is i(-59)?
13
Let i(f) = 1618834*f - 71228691. What is i(44)?
5
Let b(t) = -11*t**3 + 300*t**2 - 1096*t + 299. Calculate b(23).
-46
Let x(b) = b**3 - 57*b**2 - 395*b + 1190. Determine x(63).
119
Let g(m) = 1428*m - 411260. Determine g(288).
4
Let c(y) = -910949*y - 2732837. Calculate c(-3).
10
Let b(k) = 889*k + 40896. What is b(-46)?
2
Let g(n) = 2*n**2 + 15231*n + 288734. What is g(-19)?
67
Let y(t) = -142*t**2 + 13383*t + 13515. Calculate y(-1).
-10
Let v(u) = 237*u**2 - 918*u + 30. Determine v(4).
150
Let l(k) = -k**3 + 174*k**2 + 691*k - 2320. Give l(-6).
14
Let u(k) = -26731*k + 187138. Give u(7).
21
Let y(w) = -99*w - 3225. Determine y(-48).
1527
Let p(o) = o**3 - 261*o**2 + 16519*o + 243. Determine p(108).
-297
Let d(u) = -48*u**3 - 5*u**2 + 21*u. What is d(-2)?
322
Let i(z) = 3*z**2 - 56*z + 6. Give i(7).
-239
Let l(s) = -55*s**2 + 1979*s + 75. Calculate l(36).
39
Let l(z) = z**2 - 240*z + 6817. Determine l(33).
-14
Let z(o) = 31232*o + 2436102. Calculate z(-78).
6
Let m(o) = 35251*o - 1022282. What is m(29)?
-3
Let o(q) = 71*q**2 - 1083*q + 3653. What is o(5)?
13
Let k(s) = -56*s**2 - 122*s - 711. Give k(-6).
-1995
Let t(h) = 19*h**3 + 3*h**2 + 3*h - 180. Determine t(-6).
-4194
Let c(h) = -1646*h + 795018. What is c(483)?
0
Let q(d) = 37*d**2 + 2311*d + 497. Calculate q(-62).
-557
Let f(m) = -m**2 + 93*m + 1471. Calculate f(95).
1281
Let j(p) = -1577*p - 121456. Give j(-77).
-27
Let z(r) = -92023*r - 183813. Calculate z(-2).
233
Let z(u) = 28232*u + 254229. Determine z(-9).
141
Let q(y) = 26*y**2 - 931*y - 124. What is q(36)?
56
Let j(s) = s**2 - 383*s + 6411. What is j(18)?
-159
Let t(z) = 140*z**2 + 640*z + 316. Give t(-4).
-4
Let b(a) = a**3 - 17*a**2 - 115*a + 2205. Calculate b(15).
30
Let l(k) = -12*k**2 + 2003*k - 9540. Determine l(162).
18
Let b(z) = 49*z**2 + 3965*z - 417. Give b(-81).
-93
Let l(m) = m**3 + 14*m**2 - 198*m - 2831. Determine l(-14).
-59
Let n(o) = -2*o**3 + 122*o**2 + 1754*o + 37. Calculate n(-12).
13
Let l(u) = 856*u + 20929. Determine l(-22).
2097
Let l(u) = u**3 + 196*u**2 - 1245*u + 213. Give l(6).
15
Let f(a) = -13*a**2 + 126*a - 789. Give f(6).
-501
Let b(j) = 3*j**2 - 93*j + 260. Give b(20).
-400
Let f(a) = 2173*a - 1068953. Give f(492).
163
Let d(u) = 8*u**3 - 86*u**2 - 208*u + 2053. What is d(11)?
7
Let a(c) = -73*c**2 - 1190*c - 313. Determine a(-16).
39
Let o(d) = -15187*d + 2384241. Determine o(157).
-118
Let i(j) = -5*j**3 - 30*j**2 - 684*j - 4115. Calculate i(-6).
-11
Let u(x) = -2*x**3 - 8*x**2 + 2173*x - 81. Determine u(31).
12
Let i(r) = 436*r + 23161. What is i(-53)?
53
Let f(n) = -4*n**3 + 29*n**2 - 222*n + 1287. Give f(9).
-1278
Let o(z) = 18802*z + 413622. Determine o(-22).
-22
Let b(l) = -l**2 - 150*l + 38048. Give b(134).
-8
Let x(i) = i**2 - 1203*i + 72904. What is x(64)?
8
Let q(k) = 136*k - 16049. What is q(118)?
-1
Let y(b) = -5464*b + 16273. What is y(3)?
-119
Let z(u) = u**2 - 5897*u - 76911. Determine z(-13).
-81
Let r(h) = h**2 + 314*h - 5518. Give r(17).
109
Let p(s) = -16*s**3 - 84*s**2 + 102*s + 27. Calculate p(-10).
6607
Let z(p) = -3*p**2 - 438*p + 38930. What is z(-208)?
242
Let k(p) = p**2 - 40764*p - 4209294. Calculate k(-103).
7
Let f(n) = -2*n**2 + 4*n + 1460. What is f(43)?
-2066
Let s(f) = 101*f**3 - f**2 + 124*f + 125. Give s(-1).
-101
Let g(c) = 5*c**3 - 616*c**2 + 115*c + 89